
541, 7219
What are the prime factors of 5167035?
3, 5, 199, 577
What are the prime factors of 221500?
2, 5, 443
List the prime factors of 3141153.
3, 317, 367
What are the prime factors of 1324214?
2, 662107
List the prime factors of 21208418.
2, 7, 11, 17, 8101
What are the prime factors of 1177191?
3, 139, 941
List the prime factors of 128951.
128951
List the prime factors of 3339713.
13, 256901
List the prime factors of 6450113.
79, 81647
List the prime factors of 163038.
2, 3, 29, 937
What are the prime factors of 48390?
2, 3, 5, 1613
List the prime factors of 1222479.
3, 19, 2383
What are the prime factors of 2538523?
13, 195271
List the prime factors of 166235.
5, 33247
What are the prime factors of 9603535?
5, 23, 37, 61
List the prime factors of 11947476.
2, 3, 995623
What are the prime factors of 2085990?
2, 3, 5, 31, 2243
List the prime factors of 10114756.
2, 23, 109943
What are the prime factors of 1390608?
2, 3, 29, 37
What are the prime factors of 326410?
2, 5, 7, 4663
List the prime factors of 521167.
521167
What are the prime factors of 50469?
3, 16823
List the prime factors of 1993159.
7, 284737
List the prime factors of 425399.
13, 43, 761
List the prime factors of 765039.
3, 11, 97, 239
List the prime factors of 599286.
2, 3, 99881
List the prime factors of 2795849.
7, 307, 1301
What are the prime factors of 4604077?
521, 8837
List the prime factors of 316136.
2, 43, 919
List the prime factors of 370518.
2, 3, 37, 1669
What are the prime factors of 25077784?
2, 3134723
List the prime factors of 179108.
2, 44777
List the prime factors of 628444.
2, 19, 8269
What are the prime factors of 576759?
3, 17, 43, 263
What are the prime factors of 317366?
2, 7, 22669
What are the prime factors of 22665275?
5, 37, 107, 229
List the prime factors of 2215215.
3, 5, 61, 269
What are the prime factors of 1163554?
2, 7, 31, 383
What are the prime factors of 209367?
3, 43, 541
List the prime factors of 1672978.
2, 503, 1663
What are the prime factors of 462876?
2, 3, 17, 2269
What are the prime factors of 372543?
3, 124181
What are the prime factors of 5923790?
2, 5, 31, 97, 197
List the prime factors of 13170904.
2, 23, 47, 1523
What are the prime factors of 14953052?
2, 61, 61283
What are the prime factors of 17328338?
2, 17, 23, 22159
What are the prime factors of 909441?
3, 13, 2591
What are the prime factors of 194261?
79, 2459
List the prime factors of 10285349.
109, 127, 743
What are the prime factors of 409000?
2, 5, 409
What are the prime factors of 1746883?
1746883
List the prime factors of 31053.
3, 11, 941
List the prime factors of 1508575.
5, 60343
What are the prime factors of 3539496?
2, 3, 139, 1061
List the prime factors of 1202870.
2, 5, 37, 3251
What are the prime factors of 15885123?
3, 17, 311473
What are the prime factors of 7504632?
2, 3, 104231
What are the prime factors of 241795?
5, 37, 1307
List the prime factors of 1670851.
7, 13, 43, 61
List the prime factors of 12460773.
3, 13, 283, 1129
What are the prime factors of 14395444?
2, 7, 514123
What are the prime factors of 133148?
2, 33287
List the prime factors of 537844.
2, 43, 53, 59
What are the prime factors of 674475?
3, 5, 17, 23
List the prime factors of 51061.
51061
What are the prime factors of 8038745?
5, 11, 13, 11243
What are the prime factors of 1103685?
3, 5, 11, 6689
What are the prime factors of 2677672?
2, 433, 773
List the prime factors of 129204.
2, 3, 37, 97
List the prime factors of 17590096.
2, 37, 43, 691
What are the prime factors of 1141557?
3, 109, 3491
What are the prime factors of 1000121?
1000121
List the prime factors of 6557476.
2, 617, 2657
What are the prime factors of 257874?
2, 3, 42979
List the prime factors of 4875871.
7, 11, 13, 4871
List the prime factors of 2690909.
13, 206993
List the prime factors of 36650607.
3, 7, 373, 4679
List the prime factors of 340685.
5, 61, 1117
What are the prime factors of 427324?
2, 47, 2273
List the prime factors of 1142516.
2, 285629
List the prime factors of 963333.
3, 7, 1699
What are the prime factors of 2659321?
7, 379903
List the prime factors of 402408.
2, 3, 23
What are the prime factors of 11596547?
509, 22783
What are the prime factors of 95454?
2, 3, 5303
List the prime factors of 517252.
2, 129313
What are the prime factors of 212116?
2, 19, 2791
List the prime factors of 2654320.
2, 5, 33179
List the prime factors of 12791677.
37, 227, 1523
What are the prime factors of 9738462?
2, 3, 1623077
List the prime factors of 16438934.
2, 59, 139313
What are the prime factors of 1436551?
17, 84503
List the prime factors of 847180.
2, 5, 42359
List the prime factors of 3015819.
3, 111697
List the prime factors of 4828389.
3, 37, 43499
What are the prime factors of 6864398?
2, 1031, 3329
List the prime factors of 1761743.
101, 17443
What are the prime factors of 1351313?
17, 29, 2741
List the prime factors of 676803.
3, 225601
What are the prime factors of 6970280?
2, 5, 174257
List the prime factors of 60959.
47, 1297
List the prime factors of 27817836.
2, 3, 2318153
What are the prime factors of 3864131?
3864131
List the prime factors of 57751.
57751
What are the prime factors of 27480888?
2, 3, 101, 3779
List the prime factors of 38514.
2, 3, 7, 131
List the prime factors of 1265973.
3, 17, 103, 241
What are the prime factors of 129194?
2, 13, 4969
List the prime factors of 13660714.
2, 1019, 6703
What are the prime factors of 642201?
3, 7, 53, 577
List the prime factors of 4444785.
3, 5, 98773
What are the prime factors of 134956?
2, 33739
What are the prime factors of 65888?
2, 29, 71
What are the prime factors of 832375?
5, 6659
List the prime factors of 1556131.
127, 12253
List the prime factors of 470870.
2, 5, 47087
List the prime factors of 327969.
3, 4049
List the prime factors of 994673.
389, 2557
What are the prime factors of 85234?
2, 19, 2243
What are the prime factors of 3564610?
2, 5, 7, 50923
List the prime factors of 25906.
2, 12953
What are the prime factors of 97919?
97919
List the prime factors of 290415.
3, 5, 19, 1019
What are the prime factors of 14194766?
2, 7097383
What are the prime factors of 319453?
319453
List the prime factors of 393095.
5, 29, 2711
What are the prime factors of 60740?
2, 5, 3037
What are the prime factors of 5111615?
5, 251, 4073
List the prime factors of 396951.
3, 307, 431
List the prime factors of 365404.
2, 13, 7027
What are the prime factors of 5027315?
5, 53, 61, 311
List the prime factors of 23184272.
2, 1449017
What are the prime factors of 134170?
2, 5, 13417
What are the prime factors of 1298836?
2, 7, 11, 4217
What are the prime factors of 245153?
67, 3659
List the prime factors of 591890.
2, 5, 13, 29, 157
What are the prime factors of 966675?
3, 5, 12889
What are the prime factors of 308530?
2, 5, 30853
What are the prime factors of 4862696?
2, 607837
List the prime factors of 962303.
962303
List the prime factors of 63477.
3, 2351
What are the prime factors of 434782?
2, 149, 1459
What are the prime factors of 193680?
2, 3, 5, 269
What are the prime factors of 1004783?
13, 77291
List the prime factors of 50043.
3, 7, 2383
List the prime factors of 893268.
2, 3, 919
List the prime factors of 875769.
3, 291923
What are the prime factors of 2875665?
3, 5, 13, 14747
What are the prime factors of 21159070?
2, 5, 61, 34687
List the prime factors of 2356.
2, 19, 31
List the prime factors of 1217317.
1217317
What are the prime factors of 3259006?
2, 97, 107, 157
List the prime factors of 372833.
372833
List the prime factors of 3183578.
2, 349, 4561
What are the prime factors of 2681691?
3, 893897
List the prime factors of 41403.
3, 37, 373
What are the prime factors of 668389?
17, 39317
What are the prime factors of 18148708?
2, 229, 19813
List the prime factors of 47029.
131, 359
List the prime factors of 293056.
2, 19, 241
What are the prime factors of 23847384?
2, 3, 11, 103, 877
What are the prime factors of 6413282?
2, 643, 4987
What are the prime factors of 7353050?
2, 5, 199, 739
What are the prime factors of 198581?
349, 569
List the prime factors of 1154330.
2, 5, 89, 1297
List the prime factors of 159926.
2, 13, 6151
List the prime factors of 430148.
2, 53, 2029
What are the prime factors of 273496?
2, 17, 2011
List the